 9 - -71).
-31
What is the value of (72 - -2) + (-3 - -4) + (23 - 94 - -66)?
70
What is the value of -9 + -5 - (1 + -3 + 3 + 11)?
-26
Evaluate (-2 - 0) + 20 + (177 - (406 + -106)).
-105
What is the value of -9 - (-4 + -2 - (-11 + 73) - (37 + -41))?
55
-11 - (16 - (-14 + -11 + 41))
-11
Evaluate -20 + (-32 - -32 - -10 - 12).
-22
What is the value of 2 + -3 - -91 - (33 - (50 + -18))?
89
Evaluate 4175 - 4185 - (-118 - -2).
106
Calculate (24 - 39) + (5 - 12 - -11).
-11
What is the value of -1 + 52 + -3 + (-8 - 1 - -11) + -10?
40
What is 44 - (-111 - (-113 - -61))?
103
What is the value of 174 - 1 - (6 + 11 + -58 + 58)?
156
What is the value of 6 - (9 - 10) - 3 - 13 - 2 - 19?
-30
What is the value of -56 + (-24 - -43) - (-127 - -3)?
87
Evaluate 36 + -9 + -19 - (-18 + 0).
26
What is -83 + -2 + 101 + -119 + 18?
-85
396 - 354 - (1 - -53)
-12
What is the value of -71 + (12 - (4 - (-11 + (13 - 3)) - -5))?
-69
(1 - -13 - 1) + (7137 - 7216) - -20
-46
Evaluate -9 - 0 - (-4089 - -4044).
36
(-126 - (-16 + -1)) + 5 + 12 + (5 - 8)
-95
1 - 6 - (-4 + -5 - (148 + -160))
-8
What is 10 + -27 + -23 - (-33 - -1)?
-8
Calculate 9 + 1 + -3115 + 3135.
30
What is -3 + (23 + -21 - (3 - -3)) + 11?
4
(45 - 60) + 13 - (-4 + 2 + 63)
-63
What is the value of 2 - (19 - (9 + (-4 - -3))) - (0 + 60)?
-69
What is the value of -7 + (15 + (-30 - -11) - -17)?
6
Calculate (19 - -9) + 39 - 37.
30
Calculate 40 + -62 + -31 - (-12 - (-3 - -3)).
-41
Calculate -2 + 5 + -3 + (-8 - -7) - (-57 - -4).
52
What is the value of 70 + -75 + 79 + (1 - 20) + 4?
59
What is the value of (24 - (-8 + 126)) + (-11 + 13 - 22)?
-114
What is the value of -35 - (1 + 6 + (35 + -62 - -10))?
-25
Calculate (86 - 29) + -92 + 24.
-11
What is -22 + 0 + (-21 - -39) + 14?
10
What is 0 + 6 + 1 + 3 + -631 + 589?
-32
Evaluate (77 - 2 - (46 - 87 - -59)) + 13.
70
What is the value of -5 + -15 + -14 + 29 - ((-1 - -2) + -47)?
41
Evaluate 88 + (-2 - ((-26 - -15 - (-1 - 22)) + -6)).
80
What is the value of 68 + -84 + 60 + 65?
109
Evaluate (15 - 8) + -9 + 17 + (38 - 16).
37
What is the value of 4 + 3 + (-12 + 5 - -7) - (-2 + 96)?
-87
Evaluate (1 - 0 - 17) + (-12375 - -12418).
27
Calculate (-9 - (2 + 0 + -4)) + (-77 - -18 - -132).
66
What is the value of 0 - (25 + 22 + -41) - -9?
3
Evaluate 39 + (-50 - 0) + -29.
-40
Evaluate -9 - (1 + -40 + 2 + 1 + 3) - 5.
19
Evaluate -326 + 204 - (-151 + 1).
28
What is the value of 2 + (3 - (-20 - (-8 + -4)))?
13
Calculate -1 + -34 + 2992 + -2911.
46
Evaluate (360 - 390) + -1 + 1 + -3.
-33
Calculate 13 + (72 - (18 + 27)) - 20.
20
Calculate 7 + 1 - (10 - ((-19 - -19) + 47 + -8)).
37
Calculate (-93 - -77 - -79) + -23.
40
54 - ((-18 - 73) + 49)
96
Evaluate 1953 - 1995 - (1 + (-32 - -3)).
-14
What is -1 - -266 - (-153 - -304)?
114
What is 21 + (-45 - 23) + 58?
11
-5 - ((-45 - 0) + 19 - -11)
10
Calculate 30 - 101 - -96 - (-1 + 39).
-13
What is (3 - -2 - -56 - (-4 + 3 + 0)) + 3?
65
-35 + (-2 - -19) - -40
22
Evaluate -24 + 38 + -24 - -44.
34
What is -23 - (-8 + 56 + -30 + -37)?
-4
What is -17 + (86 - 8) + -1 + -1 + -13?
46
-12 + -1 + (1 + 2 - -17)
7
What is 231 + -206 - (3 + 34)?
-12
Evaluate 2 + 40 + (22 - (-9 - -19 - -4) - 3).
47
-10 + 26 + 10 + 9 + 10 + (-3 - 1)
41
Calculate (6 - 7) + -7 + 10 - (2 - (37 - 9)).
28
What is -16 - (13 - 36) - 7 - (0 + 0)?
0
Calculate 71 + -1 + 60 + -99.
31
Evaluate (-3 - (14 + 0 - 24)) + (-7 - 66 - 4).
-70
Calculate -1803 - -1881 - (95 - 4).
-13
What is -19 + (-3 - 23 - -39) - -62?
56
What is the value of (0 - -35) + (-72 - -83) + -39?
7
What is 17 - (12 + 7) - (0 + (17 - 4)) - -28?
13
Evaluate (-1 - -7) + 17 + (18 - 7) + -18 + 13.
29
Calculate 40 + 15 + (-31 - 1) + 16.
39
What is (20 - (-2 + 45) - (13 + -1)) + 15?
-20
(-11 - 21 - -26) + 13
7
Calculate 19 + (-16 - -1) + (298 - 310).
-8
What is 27 + (-20 - 35) + 54?
26
What is (-1 - (-3 - 4)) + -14 - (-1 - 33)?
26
What is (-10 - -2) + 19 + -8 + (-2 - -13)?
14
Evaluate -20 + 34 + -25 + 51 - 19.
21
What is -18 - -7 - (2 - (0 - 15 - 34))?
-62
-121 + 134 + (11 - 5)
19
What is (-6 - -27) + 4 + -13 + -25?
-13
What is -58 + 25 + (0 - 12) + 5?
-40
Evaluate 23 - (-75 + 10 + -32 + 49).
71
(2 + -5 - -6) + 0 + 244 + -278
-31
-3 + -141 + -494 + 570
-68
Calculate 95 - (5 - 11 - (8 + -12 - -9)).
106
(-32 - -47 - 12) + -125 + 4 + (-3 - -2)
-119
What is the value of 8 - ((-15 - 0) + (-14 - -28) - (0 + 77))?
86
What is (17 - (-20 - -20)) + -27 + 1 + 15?
6
Evaluate -28 + 11 + -3 + 5 - (-201 - -92).
94
What is (0 - 5) + -23 + -962 + 1033?
43
What is -55 + 31 - 10 - -43?
9
What is -55 + 4 + (-6 - (-13 - -17))?
-61
What is (-230 - -262) + (2 - (16 + 8))?
10
What is (89 - 87) + (5 - -3) + -8 + 11?
13
672 + -216 + -413 + (1 - 128)
-84
What is the value of -768 + 644 + (-2 - 9 - 4) + -6?
-145
Calculate -97 - ((-31 - -31) + ((10 - 14) + 5 - -5)).
-103
What is (43 + -67 - (-7 + 0)) + 8 - 25?
-34
473 + -404 - (-2 - -56)
15
What is the value of (78 - -11) + 38 + -50 + -13?
64
What is the value of (-1 - 2) + (-151 - -95) + (1 - 10)?
-68
Calculate -1 + (-73 + 84 - (-2 - 2 - -151) - -14).
-123
What is ((2 - -42) + -27 - -12) + -5?
24
What is the value of -58 - (-73 + (-94 - -91))?
18
Evaluate 1 + 1 - -2 - (-17 - -22).
-1
6 - 0 - ((16 - (-22 - -16)) + 2 + -17)
-1
Evaluate -34 + -89 + -9 + 93.
-39
Calculate (-42 - -10) + 19 + (0 - ((-8 - -7) + 7)).
-19
19 + (0 + 6 - (593 - 570))
2
Evaluate 486 - 439 - (79 + -3).
-29
What is the value of 7 - -126 - (4 - (-39 + 19 + 6))?
115
Evaluate -97 + 70 + 4 + -4 + -66.
-93
What is the value of (19 - 8 - 12) + (1 - 5) + -29 + 5?
-29
What is the value of 76 + -1 - (-27 + 93 + -44)?
53
What is the value of 8 - -7 - (2 - -3 - (9 + 3 + -14))?
8
Calculate (-54 - (-48 + -86)) + -4 + 7.
83
-7 + (20 - 2) + (-39 + 90 - -14)
76
What is the value of -20 + (-9 - -22) + (-73 - -41)?
-39
What is 52 - (-28 - -33 - -15)?
32
-248 + 288 - (16 - 3)
27
Calculate 5 + -9 + 0 + 8 + 2 + -5 + 2.
3
Calculate -1 - 27 - ((43 - 14) + -38) - -65.
46
What is -87 + (30 - (0 - 6))?
-51
0 - 77 - (-51 + (13 - -18)) - (8 + -1)
-64
What is 0 - 72 - (-31 + 25 - (3 - (9 + 1)))?
-73
What is (352 - 206 - 161) + (23 - 1)?
7
Calculate -36 - (-46 + 84 - 95).
21
What is 155 - ((-33 - (-27 - (-1 - 9))) + 38)?
133
35 + -19 - (1 + 38)
-23
Evaluate -68 + 12 + 66 + (0 - (-23 - (0 - 1))).
32
Evaluate (0 - -10 - (-39 + 11 + 25)) + 1.
14
What is the value of -166 - (-306 + (63 - -92))?
-15
-11 - ((44 - 35) + 6)
-26
(-43 - -83) + -46 - (-4 - -25)
-27
Calculate 2 + 1 - (157 + -143) - (0 + 32).
-43
Evaluate (55 + 74 - 124) + (-2 - -89).
92
(1 - -17) + (93 + -83 - -9)
37
49 - (6 + -38 + 16 + 21)
44
Evaluate -127 + 60 + 11 + 36.
-20
(18 - 6 - 16) + -56 + 0 + -2
-62
What is 51 + (17 + -6 - 19 - -10 - 1)?
52
Calculate (13 - (8 + (8 - -1))) + 22.
18
Evaluate -9 + 22 + (-33 - (-55 - -22)).
13
0 + 17 + 35 + -46
6
(-15 - (11 + -41)) + 22 + -15
22
What is the value of (-16 - (18 + -79 - -54)) + (-2 + 1 - 0)?
-10
Calculate -111 - -118 - (-3 - -14) - (7 - (3 + -103)).
-111
What is 1 + 2 - (5 - (2 - -17) - 67)?
84
33 - (30 - (30 + -34)) - ((1 - 4) + 2)
0
Calculate 12 + (36 - 17 - 7).
24
Evaluate 45 + 1 + -7 + 45 + -39 + 2 + -9.
38
What is -52 + 37 + -12 + 37 - 27?
-17
Evaluate (-1 - -3 - ((-2 - (-17 - -42)) + 35)) + 108.
102
33 + (55 + -42 - -4)
50
-88 - (15 - 4 - (12 - -7)) - 2
-82
What is the value of -40 - (-90 + 76) - -75?
49
What is (47 - 12 - 26) + (-145 - (9 - (4 + -1)))?
-142
What is 79 + -78 + (6 - -52) + -4 + -4 - -9?
60
What is the value of 4 - (-80 + -12 + -1 + 27 + -13) - 1?
82
What is (109 + -51 - 112) + -10?
-64
What is the value of (-135 - -154 - (24 - 2)) + -29?
-32
Evaluate 35 - (-90 + 158 + -87).
54
Calculate -51 - -39 - -1 - (6 + (0 - -2)).
-19
21 + 22 + -26 + (1 - 109)
-91
Calculate 9 + 0 + (-32 - -2 - (-24 - -4) - -19).
18
What is the value of (-23 - (-21 - 15 - -5)) + -36?
-28
Evaluate (8 + 3 - 3) + 12 + -30 + 23.
13
Calculate -93 - (-108 + -32) - -24.
71
Calculate 6 - -7 - (30 - (18 - 9)) - 0.
-8
75 - -1 - (69 + -52) - -1 - 7
53
What is 3 - (7 + -1 - 39 - (-17 - 2 - -18))?
35
Calculate (16 + 17 + -41 - (-14 - -1)) + 23.
28
Evaluate 55 - (21 + -58 + 22).
70
Calculate (12 - 12) + 1 + -2 - (45 - 10).
-36
34 + -111 + 18 + 62
3
0 - (-2 - 11) - (10 - (-16 - (5 - 23)))
5
What is 72 - (76 + -15) - (40 + -1)?
-28
What is 85 + (-18 - (-4 + -5 + 9))?
67
Calculate -48 + 